{"id":261,"date":"2026-04-14T09:16:44","date_gmt":"2026-04-14T09:16:44","guid":{"rendered":"https:\/\/servicemarkt24.de\/?page_id=261"},"modified":"2026-04-14T09:16:44","modified_gmt":"2026-04-14T09:16:44","slug":"datenschutzerklaerung","status":"publish","type":"page","link":"https:\/\/servicemarkt24.de\/datenschutzerklaerung\/","title":{"rendered":"Datenschutzerkl\u00e4rung"},"content":{"rendered":"\n<p>Diese Datenschutzerkl\u00e4rung bezieht sich auf die Verarbeitung personenbezogener Daten auf der Website \u201eservicemarkt24.de\u201c einschlie\u00dflich aller dazugeh\u00f6rigen Unter- und Nebenseiten (nachfolgend \u201ePlattform\u201c genannt). Verantwortlich f\u00fcr die Datenverarbeitung ist die Servicemarkt24 mit Sitz in Deutschland . Die vollst\u00e4ndigen Kontaktdaten sind im Impressum der Plattform einsehbar.<\/p>\n\n\n\n<p>Die Plattform dient dem Betrieb eines Online-Shops. Diese Datenschutzerkl\u00e4rung kann jederzeit \u00fcber die entsprechende Seite auf der Plattform aufgerufen sowie \u00fcber die Funktionen Ihres Browsers gespeichert oder ausgedruckt werden.<\/p>\n\n\n\n<h3 class=\"wp-block-heading\">Allgemeine Hinweise<\/h3>\n\n\n\n<p>Der Betreiber legt gro\u00dfen Wert auf den Schutz Ihrer personenbezogenen Daten und beachtet die geltenden Datenschutzgesetze. Diese dienen dem Schutz nat\u00fcrlicher Personen bei der Verarbeitung personenbezogener Daten.<\/p>\n\n\n\n<p>Personenbezogene Daten umfassen alle Informationen, die sich auf eine identifizierte oder identifizierbare Person beziehen. Die Verarbeitung solcher Daten erfolgt ausschlie\u00dflich in dem Umfang, der f\u00fcr die Vertragsabwicklung oder zur Bereitstellung sowie Verbesserung der Plattform notwendig ist.<\/p>\n\n\n\n<p>Eine weitergehende Verarbeitung erfolgt nur, wenn dies in dieser Erkl\u00e4rung beschrieben ist, auf Ihrer Einwilligung beruht, gesetzlich vorgeschrieben ist oder durch Beh\u00f6rden bzw. Gerichte angeordnet wurde.<\/p>\n\n\n\n<p>Grunds\u00e4tzlich werden die Daten innerhalb der Europ\u00e4ischen Union (EU) oder des Europ\u00e4ischen Wirtschaftsraums (EWR) verarbeitet. Die Server des Betreibers befinden sich ebenfalls innerhalb dieser Regionen. Eine \u00dcbermittlung in Drittstaaten oder an internationale Organisationen ist in der Regel nicht vorgesehen.<\/p>\n\n\n\n<p>F\u00fcr Details zur Vertragsabwicklung wird erg\u00e4nzend auf die Allgemeinen Gesch\u00e4ftsbedingungen (AGB) verwiesen.<\/p>\n\n\n\n<h3 class=\"wp-block-heading\">Verarbeitung personenbezogener Daten<\/h3>\n\n\n\n<p>Die Verarbeitung Ihrer Daten erfolgt entweder formulargebunden oder formularunabh\u00e4ngig:<\/p>\n\n\n\n<ul class=\"wp-block-list\">\n<li><strong>Formulargebunden:<\/strong> Daten, die Sie aktiv in Formulare eingeben<\/li>\n\n\n\n<li><strong>Formularunabh\u00e4ngig:<\/strong> Daten, die automatisch bei Nutzung der Plattform erfasst werden<\/li>\n<\/ul>\n\n\n\n<h3 class=\"wp-block-heading\">Formulargebundene Verarbeitung<\/h3>\n\n\n\n<p>Daten, die Sie in Formulare auf der Plattform eingeben, werden bei deren Nutzung, insbesondere nach dem Absenden, verarbeitet. Dabei kann es sich beispielsweise um Kontakt- oder Bestelldaten handeln.<\/p>\n\n\n\n<p>Alle \u00fcber Formulare \u00fcbermittelten personenbezogenen Daten werden verschl\u00fcsselt an die Server des Betreibers \u00fcbertragen.<\/p>\n\n\n\n<h3 class=\"wp-block-heading\">Kontaktaufnahme<\/h3>\n\n\n\n<p>Wenn Sie \u00fcber ein Formular oder per E-Mail Kontakt aufnehmen, werden Ihre angegebenen Daten verschl\u00fcsselt an den Betreiber \u00fcbermittelt.<\/p>\n\n\n\n<p>Die Verarbeitung erfolgt ausschlie\u00dflich zur Bearbeitung Ihrer Anfrage. Eine dar\u00fcber hinausgehende automatisierte Verarbeitung findet nicht statt.<\/p>\n\n\n\n<p>Die Antwort erfolgt in der Regel per E-Mail, sofern Ihr E-Mail-Anbieter eine verschl\u00fcsselte \u00dcbertragung unterst\u00fctzt.<\/p>\n\n\n\n<p>Nach Abschluss der Bearbeitung werden Ihre Daten gel\u00f6scht, es sei denn:<\/p>\n\n\n\n<ul class=\"wp-block-list\">\n<li>sie werden noch zur Vertragsabwicklung ben\u00f6tigt (maximal bis zu 4 Jahre im Rahmen von Verj\u00e4hrungsfristen), oder<\/li>\n\n\n\n<li>gesetzliche Aufbewahrungspflichten bestehen (bis zu 10 Jahre gem\u00e4\u00df steuer- und handelsrechtlichen Vorgaben)<\/li>\n<\/ul>\n\n\n\n<h3 class=\"wp-block-heading\">Bestellabwicklung<\/h3>\n\n\n\n<p>Bestellungen \u00fcber die Plattform erfolgen \u00fcber mehrere Schritte mittels Formularen. Bestimmte Felder sind Pflichtangaben, da ohne diese kein Vertrag zustande kommen kann.<\/p>\n\n\n\n<p>Zu den erhobenen Daten geh\u00f6ren insbesondere:<\/p>\n\n\n\n<ul class=\"wp-block-list\">\n<li>Name<\/li>\n\n\n\n<li>Anschrift<\/li>\n\n\n\n<li>E-Mail-Adresse<\/li>\n\n\n\n<li>Telefonnummer<\/li>\n<\/ul>\n\n\n\n<p>Diese Daten werden zur Durchf\u00fchrung und Abwicklung des Vertrages verwendet.<\/p>\n\n\n\n<p>Im Rahmen der Vertragsabwicklung kann eine Weitergabe an Dritte erfolgen, beispielsweise an:<\/p>\n\n\n\n<ul class=\"wp-block-list\">\n<li>Dienstleister zur Auftragsbearbeitung<\/li>\n\n\n\n<li>Versanddienstleister zur Lieferung<\/li>\n\n\n\n<li>Zahlungsdienstleister zur Zahlungsabwicklung<\/li>\n\n\n\n<li>zust\u00e4ndige Beh\u00f6rden (z. B. Zulassungsstellen)<\/li>\n<\/ul>\n\n\n\n<p>Sofern Sie ausdr\u00fccklich eingewilligt haben, kann eine dar\u00fcber hinausgehende Datenverarbeitung erfolgen. Beispielsweise kann Ihre E-Mail-Adresse an den Versanddienstleister weitergegeben werden, damit dieser Sie \u00fcber den Lieferstatus informieren kann.<\/p>\n\n\n\n<p><\/p>\n","protected":false},"excerpt":{"rendered":"<p>Diese Datenschutzerkl\u00e4rung bezieht sich auf die Verarbeitung personenbezogener Daten auf der Website \u201eservicemarkt24.de\u201c einschlie\u00dflich aller dazugeh\u00f6rigen Unter- und Nebenseiten (nachfolgend [&hellip;]<\/p>\n","protected":false},"author":2,"featured_media":0,"parent":0,"menu_order":0,"comment_status":"closed","ping_status":"closed","template":"","meta":{"site-sidebar-layout":"default","site-content-layout":"","ast-site-content-layout":"default","site-content-style":"default","site-sidebar-style":"default","ast-global-header-display":"","ast-banner-title-visibility":"","ast-main-header-display":"","ast-hfb-above-header-display":"","ast-hfb-below-header-display":"","ast-hfb-mobile-header-display":"","site-post-title":"","ast-breadcrumbs-content":"","ast-featured-img":"","footer-sml-layout":"","ast-disable-related-posts":"","theme-transparent-header-meta":"","adv-header-id-meta":"","stick-header-meta":"","header-above-stick-meta":"","header-main-stick-meta":"","header-below-stick-meta":"","astra-migrate-meta-layouts":"default","ast-page-background-enabled":"default","ast-page-background-meta":{"desktop":{"background-color":"var(--ast-global-color-5)","background-image":"","background-repeat":"repeat","background-position":"center center","background-size":"auto","background-attachment":"scroll","background-type":"","background-media":"","overlay-type":"","overlay-color":"","overlay-opacity":"","overlay-gradient":""},"tablet":{"background-color":"","background-image":"","background-repeat":"repeat","background-position":"center center","background-size":"auto","background-attachment":"scroll","background-type":"","background-media":"","overlay-type":"","overlay-color":"","overlay-opacity":"","overlay-gradient":""},"mobile":{"background-color":"","background-image":"","background-repeat":"repeat","background-position":"center center","background-size":"auto","background-attachment":"scroll","background-type":"","background-media":"","overlay-type":"","overlay-color":"","overlay-opacity":"","overlay-gradient":""}},"ast-content-background-meta":{"desktop":{"background-color":"var(--ast-global-color-4)","background-image":"","background-repeat":"repeat","background-position":"center center","background-size":"auto","background-attachment":"scroll","background-type":"","background-media":"","overlay-type":"","overlay-color":"","overlay-opacity":"","overlay-gradient":""},"tablet":{"background-color":"var(--ast-global-color-4)","background-image":"","background-repeat":"repeat","background-position":"center center","background-size":"auto","background-attachment":"scroll","background-type":"","background-media":"","overlay-type":"","overlay-color":"","overlay-opacity":"","overlay-gradient":""},"mobile":{"background-color":"var(--ast-global-color-4)","background-image":"","background-repeat":"repeat","background-position":"center center","background-size":"auto","background-attachment":"scroll","background-type":"","background-media":"","overlay-type":"","overlay-color":"","overlay-opacity":"","overlay-gradient":""}},"footnotes":""},"class_list":["post-261","page","type-page","status-publish","hentry"],"_links":{"self":[{"href":"https:\/\/servicemarkt24.de\/wp-json\/wp\/v2\/pages\/261","targetHints":{"allow":["GET"]}}],"collection":[{"href":"https:\/\/servicemarkt24.de\/wp-json\/wp\/v2\/pages"}],"about":[{"href":"https:\/\/servicemarkt24.de\/wp-json\/wp\/v2\/types\/page"}],"author":[{"embeddable":true,"href":"https:\/\/servicemarkt24.de\/wp-json\/wp\/v2\/users\/2"}],"replies":[{"embeddable":true,"href":"https:\/\/servicemarkt24.de\/wp-json\/wp\/v2\/comments?post=261"}],"version-history":[{"count":1,"href":"https:\/\/servicemarkt24.de\/wp-json\/wp\/v2\/pages\/261\/revisions"}],"predecessor-version":[{"id":262,"href":"https:\/\/servicemarkt24.de\/wp-json\/wp\/v2\/pages\/261\/revisions\/262"}],"wp:attachment":[{"href":"https:\/\/servicemarkt24.de\/wp-json\/wp\/v2\/media?parent=261"}],"curies":[{"name":"wp","href":"https:\/\/api.w.org\/{rel}","templated":true}]}}